hat is -4 (base 16) in base 9?
-4
What is 1b (base 12) in base 16?
17
What is 230 (base 8) in base 6?
412
-20 (base 10) to base 7
-26
Convert -7 (base 15) to base 10.
-7
-20 (base 16) to base 8
-40
-e9 (base 15) to base 11
-18a
Convert 3 (base 4) to base 6.
3
Convert -104 (base 12) to base 8.
-224
Convert 0 (base 14) to base 13.
0
-cb (base 14) to base 4
-2303
What is 12 (base 4) in base 14?
6
-9 (base 11) to base 12
-9
-73 (base 8) to base 14
-43
-12 (base 6) to base 16
-8
Convert -6 (base 11) to base 10.
-6
Convert 101 (base 2) to base 11.
5
0 (base 15) to base 6
0
What is -1 (base 7) in base 5?
-1
-1 (base 8) to base 13
-1
What is 9 (base 16) in base 15?
9
What is 3 (base 6) in base 8?
3
What is -101000 (base 2) in base 13?
-31
Convert 3 (base 13) to base 8.
3
Convert 1 (base 5) to base 3.
1
Convert 3 (base 10) to base 15.
3
Convert -100 (base 2) to base 3.
-11
4 (base 15) to base 2
100
Convert 10111 (base 4) to base 8.
425
Convert 0 (base 8) to base 16.
0
What is -15 (base 7) in base 9?
-13
134 (base 5) to base 12
38
What is -51 (base 6) in base 8?
-37
Convert 3 (base 12) to base 13.
3
What is -120 (base 9) in base 2?
-1100011
Convert -2022 (base 3) to base 15.
-42
-400 (base 5) to base 16
-64
Convert -1 (base 9) to base 13.
-1
2 (base 6) to base 10
2
Convert -5 (base 9) to base 10.
-5
What is -218 (base 9) in base 5?
-1204
Convert 160 (base 9) to base 14.
99
What is 2 (base 10) in base 4?
2
8 (base 16) to base 3
22
24 (base 5) to base 13
11
Convert 100111011 (base 2) to base 10.
315
What is 2 (base 3) in base 10?
2
Convert 12 (base 9) to base 15.
b
402 (base 7) to base 13
123
What is -1 (base 3) in base 13?
-1
What is -10 (base 2) in base 13?
-2
Convert 3 (base 14) to base 5.
3
What is 0 (base 8) in base 15?
0
Convert -2 (base 10) to base 9.
-2
What is -65 (base 9) in base 14?
-43
Convert -1 (base 15) to base 6.
-1
40 (base 6) to base 3
220
-136 (base 8) to base 5
-334
What is -100 (base 14) in base 8?
-304
What is -1b (base 12) in base 10?
-23
Convert 1111 (base 5) to base 6.
420
Convert -10 (base 4) to base 11.
-4
What is 10 (base 5) in base 4?
11
What is -3 (base 9) in base 5?
-3
-10110001 (base 2) to base 12
-129
5 (base 15) to base 11
5
-21 (base 5) to base 4
-23
Convert 1100 (base 2) to base 8.
14
Convert -3 (base 5) to base 14.
-3
What is 0 (base 9) in base 8?
0
What is 4 (base 7) in base 8?
4
-10 (base 9) to base 11
-9
Convert 31 (base 6) to base 8.
23
What is -1010100 (base 2) in base 16?
-54
-3 (base 5) to base 2
-11
Convert -c (base 13) to base 2.
-1100
What is 6 (base 15) in base 11?
6
-1111011 (base 2) to base 8
-173
What is -13 (base 11) in base 7?
-20
Convert 4 (base 10) to base 16.
4
Convert 10 (base 5) to base 13.
5
Convert -3 (base 14) to base 4.
-3
7 (base 12) to base 11
7
Convert -12 (base 3) to base 15.
-5
What is -2 (base 8) in base 12?
-2
What is -440 (base 5) in base 2?
-1111000
What is 0 (base 8) in base 13?
0
11 (base 3) to base 5
4
-10 (base 6) to base 3
-20
Convert -132 (base 4) to base 5.
-110
Convert -50 (base 11) to base 15.
-3a
What is -11 (base 10) in base 6?
-15
-5 (base 13) to base 16
-5
11 (base 5) to base 12
6
Convert 3 (base 9) to base 11.
3
-131 (base 12) to base 6
-501
What is -234 (base 9) in base 5?
-1233
Convert 4 (base 11) to base 12.
4
What is 33 (base 7) in base 11?
22
What is -1 (base 4) in base 14?
-1
Convert -101010 (base 2) to base 3.
-1120
What is -10 (base 2) in base 8?
-2
Convert 19 (base 11) to base 15.
15
Convert 33 (base 13) to base 15.
2c
What is -331 (base 4) in base 16?
-3d
59 (base 15) to base 2
1010100
-5 (base 8) to base 6
-5
What is 4 (base 6) in base 9?
4
Convert 4c (base 16) to base 5.
301
Convert -5 (base 9) to base 16.
-5
Convert -42 (base 9) to base 12.
-32
-2 (base 11) to base 7
-2
100 (base 4) to base 7
22
11010 (base 2) to base 12
22
-324 (base 5) to base 11
-81
Convert 293 (base 11) to base 13.
206
2 (base 4) to base 3
2
-40 (base 10) to base 16
-28
What is 1d (base 16) in base 9?
32
Convert -6 (base 14) to base 9.
-6
What is 13 (base 16) in base 5?
34
Convert 10 (base 6) to base 4.
12
Convert -11 (base 4) to base 6.
-5
Convert -11 (base 14) to base 12.
-13
Convert 7 (base 13) to base 14.
7
Convert -241 (base 5) to base 11.
-65
Convert -10332 (base 4) to base 6.
-1250
b2 (base 14) to base 11
132
-28 (base 16) to base 2
-101000
Convert 11 (base 6) to base 11.
7
What is 42 (base 12) in base 15?
35
What is 1 (base 9) in base 2?
1
-123 (base 13) to base 9
-240
What is -7 (base 13) in base 10?
-7
-63 (base 7) to base 13
-36
33 (base 5) to base 11
17
Convert 23 (base 7) to base 2.
10001
123 (base 4) to base 13
21
Convert 0 (base 4) to base 10.
0
What is -101 (base 5) in base 13?
-20
What is -12 (base 13) in base 4?
-33
What is -3 (base 8) in base 6?
-3
6 (base 14) to base 8
6
-1 (base 4) to base 8
-1
78 (base 10) to base 16
4e
Convert 8 (base 11) to base 3.
22
Convert 71 (base 13) to base 9.
112
What is -10 (base 5) in base 8?
-5
2 (base 12) to base 13
2
14 (base 9) to base 10
13
Convert -211 (base 4) to base 9.
-41
52 (base 9) to base 7
65
244 (base 6) to base 8
144
Convert -5 (base 9) to base 7.
-5
What is -41 (base 15) in base 8?
-75
a (base 14) to base 2
1010
-1 (base 2) to base 3
-1
Convert 13 (base 4) to base 12.
7
Convert -110 (base 11) to base 4.
-2010
-11101011 (base 2) to base 3
-22201
425 (base 7) to base 5
1330
Convert 13 (base 4) to base 15.
7
What is 90 (base 11) in base 15?
69
Convert -121 (base 4) to base 5.
-100
What is -5 (base 11) in base 3?
-12
Convert -73 (base 9) to base 8.
-102
What is -2 (base 9) in base 14?
-2
Convert -6 (base 10) to base 7.
-6
What is 21 (base 7) in base 8?
17
-45 (base 9) to base 2
-101001
-14 (base 7) to base 15
-b
-2 (base 9) to base 8
-2
Convert 0 (base 9) to base 4.
0
Convert -34 (base 7) to base 10.
-25
6b (base 16) to base 3
10222
What is 11 (base 3) in base 7?
4
What is 22 (base 12) in base 11?
24
What is 5 (base 14) in base 8?
5
What is -a (base 14) in base 7?
-13
-5d (base 16) to base 13
-72
What is a4 (base 11) in base 15?
79
What is -56 (base 8) in base 7?
-64
20 (base 8) to base 3
121
Convert 101 (base 5) to base 6.
42
Convert -2 (base 14) to base 12.
-2
Convert 13 (base 7) to base 9.
11
-10 (base 15) to base 12
-13
What is 20 (base 3) in base 7?
6
214 (base 13) to base 3
111011
What is -5 (base 12) in base 8?
-5
-3 (base 15) to base 14
-3
10 (base 2) to base 3
2
Convert -5 (base 14) to base 3.
-12
What is -13 (base 13) in base 8?
-20
Convert b (base 15) to base 14.
b
-116 (base 7) to base 15
-42
314 (base 8) to base 11
176
What is -3 (base 8) in base 3?
-10
3 (base 13) to base 7
3
What is 14 (base 10) in base 12?
12
What is -14 (base 8) in base 5?
-22
Convert 34 (base 8) to base 7.
40
Convert 1 (base 14) to base 10.
1
2a (base 13) to base 15
26
202 (base 3) to base 8
24
What is 103 (base 4) in base 9?
21
What is 43 (base 16) in base 15?
47
Convert 6 (base 11) to base 9.
6
Convert 120 (base 6) to base 8.
60
Convert -1 (base 6) to base 14.
-1
What is 1 (base 5) in base 2?
1
67 (base 9) to base 4
331
Convert -7 (base 16) to base 8.
-7
What is b (base 14) in base 3?
102
Convert -2 (base 7) to base 8.
-2
Convert a (base 11) to base 8.
12
What is 15 (base 13) in base 7?
24
Convert -3 (base 16) to base 3.
-10
Convert 3 (base 16) to base 9.
3
Convert 47 (base 12) to base 10.
55
Convert 5 (base 8) to base 10.
5
-1a (base 12) to base 7
-31
156 (base 12) to base 15
e0
What is 67 (base 11) in base 12?
61
12 (base 6) to base 3
22
1b5 (base 12) to base 3
101102
2 (base 4) to base 5
2
What is 7 (base 16) in base 13?
7
189 (base 10) to base 4
2331
What is -1010 (base 2) in base 11?
-a
What is 0 (base 13) in base 14?
0
What is 41 (base 11) in base 2?
101101
What is -11111100 (base 2) in base 7?
-510
4 (base 5) to base 16
4
177 (base 12) to base 4
3223
What is 28 (base 12) in base 11?
2a
What is 3 (base 11) in base 14?
3
21 (base 5) to base 6
15
What is -110101 (base 2) in base 4?
-311
Convert -11 (base 16) to base 9.
-18
-15 (base 15) to base 14
-16
0 (base 13) to base 7
0
Convert -11 (base 14) to base 6.
-23
Convert -6 (base 16) to base 13.
-6
Convert -1020 (base 3) to base 14.
-25
What is -1 (base 16) in base 7?
-1
-41 (base 8) to base 13
-27
What is -b (base 13) in base 9?
-12
-343 (base 9) to base 4
-10122
Convert -22 (base 1